+ q + 192. Let p be b(0). Calculate the highest common divisor of a and p.
48
Suppose 2*s - 55 = -5*m, 70 - 36 = 3*m + s. Suppose 0 = -3*w - 3*d + 886 - 253, -3*w = -3*d - 615. What is the highest common factor of w and m?
13
Let z be 51836/4 + ((-5)/4)/(16/(-64)). What is the highest common divisor of 28 and z?
28
Let i(j) = 5*j**2 - 2*j + 3. Let c be i(1). Let w(l) = -l**3 + 8*l**2 - 5*l - 2. Let p be w(c). Calculate the highest common factor of 5 and p.
5
Let w(f) = -4*f**3 + 38*f + 392. Let x be w(-7). What is the greatest common factor of 42 and x?
14
Suppose 4*j = z + 301, -19*z + 69 = j - 18*z. Suppose q - 28 - 305 = 0. Calculate the greatest common divisor of j and q.
37
Suppose 0 = 15*o - 95 - 55. Let b = o - -70. Calculate the highest common factor of 10 and b.
10
Let t(w) = w - 45. Let o(v) = -2*v + 90. Let c(k) = 4*o(k) + 7*t(k). Let i be c(-3). Calculate the highest common divisor of i and 264.
24
Let q(x) = -137*x + 6. Let t be q(-3). Suppose 4*r = l + t, 181 + 251 = 4*r + 4*l. Let p = r + -24. What is the greatest common factor of 9 and p?
9
Let i(y) = 3*y**3 - 427*y**2 - 1159*y - 106. Let b be i(145). Let s(u) = 481*u. Let v be s(1). Calculate the greatest common factor of b and v.
13
Let w = -20536 + 27203. What is the highest common factor of 791 and w?
113
Let q = -12942 + 13064. Calculate the greatest common factor of q and 2318.
122
Let q = 2718 + -2723. Let f(r) = r + 30. Let s(h) = -h - 31. Let v(k) = -4*f(k) - 5*s(k). Let b be v(q). What is the greatest common divisor of 40 and b?
10
Let q = 4035 - 3606. What is the highest common factor of q and 26?
13
Let d = -2304 + 2366. Calculate the greatest common factor of 775 and d.
31
Suppose 4*o + 21 = 5*o. Suppose -o - 11 = -2*u. Suppose -4*w - 16 = 0, -u = -8*p + 6*p - w. What is the greatest common factor of p and 130?
10
Let q = 18381 + -18354. What is the highest common divisor of q and 3141?
9
Let z = -182 + 110. Let r = 78 + z. Suppose 0*o = 2*o - 30. What is the greatest common divisor of o and r?
3
Let w(f) = -20*f - 32. Let r be w(-13). Suppose -9*x + 648 = -13*x + 22*x. What is the greatest common factor of r and x?
12
Let o = 18 + 7. Let r(v) = -v**3 + 8*v**2 + 10*v - 32. Let z be r(6). Suppose -14*c + z = -4*c. Calculate the highest common factor of c and o.
5
Let c(n) = 44*n + 594. Let z be c(-12). Calculate the highest common factor of z and 3234.
66
Suppose 114*f = 121*f. Suppose f = -5*x - 3*a + 65, x + 0 = -3*a + 25. What is the greatest common divisor of 190 and x?
10
Suppose -4*j - 32 = -o + 233, o + 3*j - 230 = 0. Calculate the highest common factor of o and 147.
49
Let j = -228 + 230. Suppose 3*w = 4*x + 50, 7*w = 5*w + j*x + 34. What is the greatest common divisor of w and 66?
6
Let s(x) = 6*x**2 + 17*x - 387. Let o be s(18). Calculate the greatest common divisor of 69 and o.
69
Suppose -3*t + 7*t - 4*j = 640, 3*j + 637 = 4*t. Suppose 5*f = 2*a - 46 - 10, -t = -5*a + 4*f. What is the highest common divisor of 44 and a?
11
Let x(m) = 67*m - 4878. Let a be x(75). Let p(c) = -7*c - 7. Let o be p(-7). What is the highest common factor of a and o?
21
Let l = 756 - 441. Calculate the greatest common factor of l and 975.
15
Suppose 0 = 4*x + 5*k - 30, 2*k = 8*x - 3*x - 21. Suppose x*g = y + 2*y - 27, 0 = 5*y + 4*g - 8. What is the greatest common factor of y and 2?
2
Let n(s) be the second derivative of 17*s**4/6 - s**3/6 - 58*s. Let f be n(1). What is the highest common divisor of f and 22?
11
Let a(v) = v**3 - 4*v**2 + 3*v + 30. Let k be a(5). Calculate the greatest common divisor of k and 20.
10
Let h = -13972 + 15638. Calculate the highest common divisor of h and 306.
34
Let i = 30 + 65. Let s(l) = -3*l + 17. Suppose -3*u = 2*q - 0*q - 23, 3*u = -3*q + 27. Let y be s(q). What is the highest common factor of y and i?
5
Let z = 10336 + -8211. What is the highest common divisor of 255 and z?
85
Suppose -4*p - 219 = -4*z + 529, -4*z + 753 = -5*p. Calculate the greatest common factor of 338 and z.
26
Let l(n) = -5*n**2 + 52*n - 72. Let k be l(8). Calculate the greatest common factor of 1920 and k.
24
Let y be (279/(-2))/(10/(-50)*(-10)/(-24)). Calculate the highest common divisor of 124 and y.
62
Suppose 93 = 2*k - 111. Let t = -13143 - -13211. What is the highest common factor of k and t?
34
Let d be (-248)/16*(-3 - -7)/(-4)*8. Calculate the greatest common divisor of d and 4.
4
Let s = -124 + 134. Let v be ((-6)/(-12) + 2/4)*s. Let a(c) = c**3 + 15*c**2 + 11*c + 3. Let u be a(-14). Calculate the greatest common factor of u and v.
5
Let q = 7376 + -7310. Calculate the greatest common divisor of q and 561.
33
Let y be (-24)/5*(-14 + (-115)/(-10)). Calculate the highest common factor of y and 256.
4
Let q be (-8)/(-3)*(-9 - -15). Suppose 15*n - 48 = 14*n. Let p = 112 - n. What is the greatest common divisor of p and q?
16
Let l(v) = -12*v + 264. Let a be l(24). Let z be a/10*((-19760)/(-39))/(-2). Calculate the greatest common factor of 32 and z.
32
Let h(y) = 5*y**2 + 11*y + 10. Let a(g) = g**3 - 7*g**2 + 8*g - 16. Let u be a(6). Let x be h(u). What is the greatest common divisor of 4 and x?
2
Let g(j) = 2*j**3 - 7*j**2 - 2*j + 18. Let p be g(4). Calculate the highest common factor of p and 1703.
13
Suppose -3*i = -2*n + 55, 4*n + i + i - 134 = 0. Calculate the greatest common factor of 800 and n.
32
Let j(t) = -12*t - 26. Let m be j(-3). Let d be 20/m*(-2)/4*-12. Calculate the greatest common factor of 60 and d.
12
Suppose -2*a - 3*a + 195 = 0. Suppose 6*h + 3*l = 654, -5*h + 617 = -15*l + 13*l. What is the highest common factor of a and h?
39
Let f(g) be the third derivative of 49*g**4/24 - 79*g**3/6 - 9*g**2 - 8*g. Let i be f(11). What is the highest common factor of 92 and i?
92
Suppose 9*i - 1485 + 1419 = 3*i. Let k(m) = 2*m**3 - 6*m**2 + 4*m - 4. Let f be k(4). Calculate the greatest common divisor of f and i.
11
Let q be (-39 - 1)*((-10)/(-2) + -6). Suppose -7*j = -9*j + q. Let b = -11 - -15. What is the greatest common divisor of b and j?
4
Suppose 10*p - 46063 = 6*p - 5*o, 2*o = 4*p - 46070. Calculate the greatest common factor of 33 and p.
33
Let y(c) = -21*c + 81. Let b be (-80 - -86)/(-1*(-4)/(-10)). Let i be y(b). What is the greatest common factor of 36 and i?
36
Suppose x + 4 = 2*k + 6*x, 3*x = 5*k - 10. Suppose 90 = 4*d + k*d. Suppose 3*c - 25 = -5*r, -2*c + 1 = -3*r + 16. What is the highest common divisor of r and d?
5
Suppose -25 = -5*i + m, -m - m = 0. Let z(v) = -v**3 + 9*v**2 + 28*v + 136. Let q be z(12). What is the greatest common divisor of q and i?
5
Let f(v) = -v**2 + 20*v + 68. Suppose -3*u - 47 + 98 = 0. Let b be f(u). What is the greatest common divisor of 17 and b?
17
Let v be -324*(-8 + (-26)/(-3)). Let y be (3 + -2)*-6*3996/v. What is the highest common divisor of y and 148?
37
Let h(b) = -9*b - 71. Let l be h(-11). Suppose -v = 3*n - 15 - 4, 4*v + l = n. Suppose 47 = 4*a - 113. Calculate the greatest common factor of a and n.
8
Suppose 0 = 2*u - 4*x - 29180, -7*x - 34923 = -4*u + 23443. What is the greatest common divisor of 98 and u?
98
Suppose -5*x + 160 = 70. Suppose 5*o + 0*d = -2*d + 326, d = -2. Calculate the highest common factor of o and x.
6
Let t(d) = -d**2 - 7*d. Let h be t(-6). Suppose -2*s + s - 3*o + 15 = 0, -3*o + 21 = 2*s. Calculate the highest common divisor of h and s.
6
Let x = -285 + 351. Calculate the highest common divisor of x and 8635.
11
Let z(c) = -c**3 - 68*c**2 - 134*c + 348. Let n be z(-67). What is the greatest common divisor of n and 21?
7
Let l = -20683 + 20737. Calculate the highest common factor of 900 and l.
18
Let c = 26 + 30. Let f(q) = 3*q**2 - 7*q + 10. Let a be f(4). Suppose 5*l = k + a, 0 = 2*l - 3*k + 6*k - 29. What is the highest common divisor of l and c?
7
Let k = 19312 - 17855. What is the highest common factor of k and 496?
31
Let q be (-79044)/(-42) - (-1 - ((-8)/(-4) - -1)). Calculate the highest common divisor of 46 and q.
46
Let s be 41664/280 + (-4)/5. Suppose -2*o - 3*o + 170 = 0. Let g = o + s. What is the greatest common factor of g and 14?
14
Suppose 5*t = -4*m + 203, 0 = -4*t - 12 - 8. Suppose 111*b = -39*b - 91*b + 22895. What is the highest common divisor of b and m?
19
Let u be (-50 + 44 - 5*-1)*-3. Suppose 3 = -3*p, -u*r + 101 = -0*r - 2*p. Suppose 6 = d - 5. Wha